(-8)*-3)/((-234)/1248). Calculate the highest common factor of w and 170.
170
Suppose k + 4*k = -115. Let t = 39 + k. Suppose -a + 0*a = 2*u - 80, a - 80 = -3*u. Calculate the highest common factor of t and a.
16
Suppose 0*u + 3 = -u, -4*i + 4*u + 28 = 0. Suppose 3*q = -i*q + 42. Let y = 122 - 104. Calculate the greatest common factor of q and y.
6
Let s(l) = 4*l**2 - 2*l - 1. Let f be s(-1). Suppose -f*m + 7 = -8. Suppose 75 = k + 4*k. What is the highest common factor of m and k?
3
Suppose -35*x - 429411 = -1141276. Calculate the greatest common factor of 11 and x.
11
Let l = 36 - 32. Suppose -l*h + 6*h = 32. Suppose 2*o - q - 283 = 0, 4*o - o - 437 = -q. What is the greatest common divisor of h and o?
16
Let w be (-3)/(-21) + (-40)/35. Let g = 47 + w. Suppose g = -2*t + 222. What is the highest common factor of 8 and t?
8
Suppose -126*o = -5*o - 10527. Let z(n) = 7*n**2 + n + 3. Let f be z(6). Calculate the highest common factor of o and f.
87
Let v be 762/12 - 3/(-2) - -1. Let o(a) = 54*a**2. Let m be o(1). Let g = v - m. What is the greatest common factor of g and 30?
6
Let g be 24/5 - (1 - 12/10). Suppose -b + g + 11 = -5*z, -2*b + 21 = z. Let y be -1 + b + (-3 - -1)/2. Calculate the highest common divisor of y and 6.
3
Let o(c) = -2*c**3 + c**2 + 2*c - 1. Let k be o(-2). Suppose 50*y = 47*y - 3*z - 3, -2*y + 3*z = -8. Calculate the greatest common divisor of y and k.
1
Let c(h) = 35*h - 5. Let j be c(2). Suppose 0 = x - 1, -3*a = 5*x - 7 + 2. Suppose 11*f - 10*f - 39 = a. Calculate the greatest common factor of j and f.
13
Suppose -3*x = 3*j - 84, 2*x = 2*j + 5*x - 61. Suppose -5*m + j = -12. Suppose 81 = 3*y + k, y - 24 - 1 = -k. What is the highest common factor of m and y?
7
Suppose 2*m + 4*u - 120 = 0, 6*u - 3*u = 3*m - 234. What is the highest common factor of m and 279?
9
Let j be 18/6*138/18. Suppose 0 = 6*i - j - 61. Calculate the greatest common divisor of 10 and i.
2
Let p = 1963 + -238. Calculate the greatest common divisor of p and 69.
69
Let x be 1/(-4) - (-16)/64. Let v = 50 + x. Let i = -22 + 42. What is the greatest common divisor of i and v?
10
Let t = -4252 + 4288. Calculate the greatest common factor of 96 and t.
12
Let r = 24 - 26. Let g be 3/9*6 - r. Suppose 5*z + 5*y = g*y + 497, 5*z + 4*y - 503 = 0. Calculate the greatest common factor of z and 9.
9
Suppose 990*q = 1002*q - 924. What is the highest common factor of q and 4697?
77
Let s be (0 - 0) + -3 - (12 + -14). Let d be (-1 - -1)/(-3 + 2). Let g be d - (0 - 4) - s. Calculate the highest common factor of 2 and g.
1
Let s = 62 - -46. Let u be (-91)/364 + (-236)/16 + 141. Calculate the highest common divisor of u and s.
18
Let u be -5 - (-13 + 14)*-45. Calculate the greatest common divisor of u and 88.
8
Suppose 24*t = 6 - 6. Let z(u) = -u**3 - 3*u + 37. Let v be z(t). Let p(l) = 6*l**2 + 7*l + 1. Let x be p(6). Calculate the highest common factor of v and x.
37
Let l = -86347 + 86391. Suppose -w - 60 = -4*w. Calculate the highest common factor of l and w.
4
Suppose 3*i + 31*i = -952. Let s be 64/(-112) - 856/i. Calculate the greatest common factor of s and 1230.
30
Let n(q) = -528*q - 1782. Let b be n(-5). What is the highest common factor of 2442 and b?
66
Let x(f) = f**3 + 5*f**2 - 10*f - 11. Let m be x(-6). What is the greatest common factor of 611 and m?
13
Let v = 238 - 224. Let f(y) = 2*y**2 - 23*y + 11. Let l be f(v). Calculate the highest common divisor of l and 135.
27
Suppose -1358*n + 1353*n - 5*o + 770 = 0, o + 651 = 4*n. What is the highest common divisor of 18837 and n?
161
Let m be (2 + 40/(-6))/((-32)/2736). Calculate the highest common factor of m and 15.
3
Let y(m) be the third derivative of m**5/60 - 11*m**3/3 + 160*m**2. Let o be y(-7). What is the greatest common factor of 729 and o?
27
Let h be 4686/2 - (-15 + 33 + -21). Calculate the highest common factor of h and 6.
6
Suppose -5*a + 4*k - 26 = 0, 3*k + 3 = 3*a + 21. Let r = 38 - a. Suppose 4*g = 4*w + 44, -4*g + 17 = -0*g + 5*w. What is the highest common divisor of r and g?
8
Let a be ((-40)/(-12))/(2276/324 + -7). What is the greatest common divisor of 40 and a?
5
Let g(u) = -u**2 - 58*u + 357. Let y be g(-57). Calculate the highest common divisor of 23 and y.
23
Let n = -21 + 34. Let z = 39 - n. Let a = -32094 + 32133. What is the highest common divisor of a and z?
13
Suppose 0 = -2*s - 20 - 10. Let b = s + 37. Let w = b - 14. What is the greatest common divisor of w and 88?
8
Suppose -5*r + 87 = 2*k, k + 3*r - 48 = -3. Suppose 48 = -2*p - 3*v, -3*v + 5 - 11 = 0. Let j = k + p. What is the greatest common divisor of 30 and j?
15
Let v = -109 + 100. Let d = 6 - v. Let j be (10/d)/(4/6). Calculate the greatest common factor of 11 and j.
1
Let g be -1*(-1)/((-1)/23*-1). Suppose g = 9*f - 4. Suppose -f*m - 5*b = 2*m - 260, -m + 58 = -b. Calculate the greatest common divisor of m and 11.
11
Let s(m) = m**2 + 8*m + 30. Let b be s(-10). What is the greatest common factor of 90 and b?
10
Suppose -3*l - 40*l + 14878 = 0. Suppose l*d = 335*d + 13376. Calculate the highest common divisor of 76 and d.
76
Let a = -11869 - -11882. Calculate the highest common factor of 20319 and a.
13
Suppose 12*b + b = 4979. Let x = b + -375. What is the highest common divisor of x and 4?
4
Let g(y) = 3*y**2 - 7*y - 5. Let f be ((-15)/(-6))/((-2)/(-4)). Let w be g(f). Let k = 17 - -4. Calculate the greatest common factor of k and w.
7
Suppose 4*i - 23 - 13 = 0. Suppose i*b + 79 = 10*b. Suppose -2*l + n = -44, 3*n + b = 3*l + 19. Calculate the highest common factor of 8 and l.
8
Let j = -11164 + 11399. What is the highest common factor of 45 and j?
5
Suppose -k - 4*h + 54 = 0, -h - 49 = -k - 10. Calculate the greatest common divisor of 4599 and k.
21
Suppose -7 = -7*s - 7. Suppose -8*f + 23*f - 2520 = s. Calculate the highest common divisor of 21 and f.
21
Let w(a) = a**3 + 9*a**2 + 5*a - 5. Let c be w(-6). Let b = 73 - c. Let i be (-54)/(-12) + b - (-6)/(-4). What is the highest common factor of i and 15?
3
Let g(y) = 130*y - 2182. Let p be g(22). What is the highest common factor of p and 18?
6
Let g = 252 - 138. Let u(f) = 5*f - 49. Let k be u(11). Suppose -l + k = -h - 12, h - 96 = -5*l. Calculate the greatest common factor of l and g.
19
Let g(z) = -5*z + 115. Let r be g(21). Suppose -r*m + 4*b + 5 = -7*m, 2*b = -3*m + 11. Calculate the greatest common divisor of 69 and m.
3
Let j(c) = -2*c + 39. Suppose -2*x + 7*x - 25 = 0, -k = 5*x - 34. Let d be j(k). What is the greatest common divisor of d and 651?
21
Let v = 143 + 143. Suppose -c - 16*q = -11*q - v, -2*c = -3*q - 507. Calculate the highest common factor of 29 and c.
29
Suppose -3*k + 1107 = -0*k. Suppose -4464 = -498*a - 1472 + 17426. What is the greatest common factor of a and k?
41
Let c = -769 + 979. Calculate the highest common divisor of 1008 and c.
42
Suppose -4*t = -2*d + 232, -2*t + 59 + 37 = d. Let b = d + -101. What is the greatest common factor of b and 4?
1
Suppose 4*o - 375 = v, -5*o + v + 414 = -54. Suppose 0 = -4*i - 5 + o. What is the greatest common factor of 154 and i?
22
Let k(q) = -q**3 + 17*q**2 - 5*q + 155. Let v be k(17). Let m(z) = z**3 - 17*z**2 + 17*z - 6. Let w be m(16). What is the greatest common divisor of w and v?
10
Suppose 9 - 1 = 4*f, -214 = -2*y - 3*f. Suppose -9*u = -4*u + 3*a - 266, 46 = u - 3*a. Calculate the highest common factor of u and y.
52
Let v be (3 - 10/(-5)) + 30. Suppose v - 25 = 5*w. Suppose -5*t + 3*k = -210, -210 = -5*t + 2*k + w*k. What is the highest common factor of 56 and t?
14
Let o = -6254 - -6454. What is the greatest common divisor of 200 and o?
200
Let l = 9 - 5. Suppose -5*g - 14 = 18*f - 15*f, 4*f = 2*g + 16. Calculate the greatest common divisor of f and l.
2
Suppose -4*i + 189 - 41 = 4*t, -2*i + 4*t + 74 = 0. Suppose 2*r + i - 61 = 0. What is the greatest common factor of r and 204?
12
Let x be (-84)/(-8)*8/14. Let w = 71 + x. Calculate the highest common factor of 7 and w.
7
Let y = 620 + -372. Let i(f) = -47511*f + 380104. Let s be i(8). Calculate the greatest common divisor of y and s.
8
Let a = 9104 + -8964. What is the highest common factor of a and 9170?
70
Suppose -66*u + 14986 = 5152. What is the highest common factor of 1788 and u?
149
Let o be 24/(21 + 3)*-1112*1*-8. Calculate